or of 3 and n.
3
Let r(h) = 8*h**2 + 10*h - 114. Let j be r(-15). What is the greatest common factor of j and 960?
192
Let h = -11069 + 11082. What is the greatest common divisor of 9997 and h?
13
Let w = 259 - 260. Let o(x) = -653*x - 2. Let i be o(w). What is the greatest common divisor of 21 and i?
21
Let s = -258 - -264. Let x be ((-8)/s)/((-20)/2745). Calculate the greatest common factor of x and 61.
61
Let l(a) = -a**3 - 4*a**2 - a - 28. Let c = -261 + 254. Let i be l(c). Calculate the greatest common divisor of 18 and i.
18
Let g = 35 - 33. Suppose -3*t = -g - 7. Suppose -t*c = -538 - 86. Calculate the greatest common factor of 26 and c.
26
Suppose -101*u = -76*u - 1350. What is the highest common factor of u and 702?
54
Let m(a) = 5*a**3 - 9*a**2 - 5*a + 32. Let n be m(4). Calculate the highest common factor of n and 94.
94
Let q be (-19)/(-57)*(46771 - 1). What is the greatest common factor of 10 and q?
10
Let s be -2*422/4*-2. Suppose 3*r = 3*x - 330, 3*x - 2*r - s = -94. Suppose x + 62 = 2*v. Calculate the highest common divisor of v and 17.
17
Suppose 5928 = 80*a - 1705 + 1153. Calculate the highest common divisor of a and 801.
9
Let p = -4628 + 15176. Let b be 5/(100/(-8)) + p/45. What is the greatest common factor of 26 and b?
26
Let l = -1096 - -1704. Let r(p) = 21*p - 718. Let s be r(36). Calculate the greatest common divisor of l and s.
38
Let q be 204/408*(1 + 571). Calculate the greatest common divisor of 44 and q.
22
Let h be -7 - 105/(-15) - (-110)/1. What is the greatest common divisor of h and 154?
22
Suppose -1225*z + 16 = -1233*z. Let u(o) = -4*o - 5*o**2 + o**2 - 2 + 9*o**2. Let d be u(z). Calculate the greatest common divisor of d and 286.
26
Let c be (-5)/(-6 - (-3 + -2)/(42/50)). Calculate the greatest common divisor of 2730 and c.
105
Suppose 45*c - 673374 = -71*c + 38*c. What is the greatest common divisor of c and 97?
97
Let m(n) be the first derivative of -107*n**2/2 - 49*n - 32. Let q be m(-2). Calculate the greatest common divisor of q and 132.
33
Let t(i) = -2*i**2 + 22*i + 163. Let x be t(-5). Suppose -o - x = 0, 0*o + 30 = 3*v + 4*o. Calculate the greatest common factor of 259 and v.
7
Let m(h) = -h**2 + 12*h - 16. Let g be m(9). Suppose 1641*k = 1637*k + 572. Calculate the greatest common divisor of g and k.
11
Let f be 3 - (1309/99 - 10) - (-20362)/18. What is the greatest common divisor of f and 91?
13
Suppose -x + 5*x = -16. Let z(q) = q**3 + 4*q**2 - 5*q - 13. Let d be z(x). Suppose 0 = -d*s - s + 88. What is the greatest common divisor of 11 and s?
11
Let l be 27/(-63) + (-59)/(-7). Suppose l = -2*k - 2*k. Let f be k/2*2 - (-440)/40. Calculate the greatest common factor of f and 45.
9
Let i be 354290/923 - (-4)/26. Calculate the highest common divisor of 276 and i.
12
Suppose -3*x = v - 13, -4*v - x - x + 62 = 0. Let z be 201/(-2)*(-204)/306 - 3. Calculate the greatest common divisor of v and z.
16
Suppose 60*z = 2*l + 57*z - 203, 539 = 5*l - 3*z. Calculate the highest common divisor of l and 1512.
56
Suppose 4 = -d + 5*u, -d = d + 3*u - 31. Suppose -x - d + 53 = 0. Calculate the highest common factor of x and 12.
6
Suppose -3*p + 51 = 2*t, -2*p = 3*t - 7*t + 126. Let a = t + -12. Let o = -25328 - -25373. What is the greatest common factor of a and o?
9
Let b = 1083 + -1017. What is the highest common divisor of 88 and b?
22
Suppose -14*z = 64*z + 5*z - 19754. Calculate the highest common divisor of 1547 and z.
119
Suppose -k - 4*z + 11638 = 0, 2*k - z - 3031 = 20236. What is the highest common divisor of 42 and k?
42
Let q(i) = 2*i**2 + 10*i. Let j be q(-5). Suppose j = -v - 5 + 44. Suppose -9 = -2*n + v. Calculate the highest common divisor of 3 and n.
3
Let j be (-542)/(-26) + 2*(-5)/(-65). Let t = -1208 + 1229. Calculate the highest common factor of j and t.
21
Suppose 2*s + 5*c - 17 = 5*s, 0 = s - c + 5. Let r be (-1)/(2 - (66/(-36) - s)). Calculate the highest common factor of r and 6.
6
Let z(u) = 949*u - 380. Let i be z(5). Calculate the highest common divisor of 180 and i.
45
Suppose -9*p + 1243 = 55. Let a = 70 + -46. What is the highest common divisor of a and p?
12
Suppose -204 = -5*o - 2*b, 0 = 5*o + 5*b - 171 - 24. Let u = 51 + o. Let m = u - 63. What is the greatest common divisor of m and 18?
6
Let b be (-15)/35 + 11492/28. Let y = b + -357. Calculate the highest common factor of 1 and y.
1
Let h = 6732 - 6411. Calculate the highest common factor of h and 856.
107
Let u = -17884 - -17956. What is the greatest common divisor of u and 3560?
8
Let o be 2 + -1 + -2 + 3435. Suppose 1377 = -17*v + o. What is the greatest common factor of 11 and v?
11
Let n(l) = -52*l**3 - l**2 + 2*l - 5. Let k be n(2). Let j = k + 442. What is the greatest common factor of j and 861?
21
Suppose 0*g = -g + 37. Let k(i) = 13*i + 25. Let a be k(0). Let w = g - a. What is the highest common divisor of 4 and w?
4
Let t(g) = -1004*g**3 - 10*g**2 - 11*g - 1. Let c be t(-1). Calculate the highest common factor of c and 4.
4
Let g be -3*(-2 - 10/6). Let f(o) = 138*o**3 - 4*o - 19*o**2 - 4*o - 8*o + 37 - 139*o**3. Let d be f(-18). Calculate the greatest common factor of g and d.
1
Let f(s) = s**2 + 5. Let w be f(4). Suppose -31*m + 74*m - 13089 = 7680. Calculate the highest common factor of w and m.
21
Let y(s) = 10*s + 71. Let j be y(-7). Suppose 5*z = -4*h + 92 + j, 100 = 5*h + 3*z. What is the greatest common factor of h and 68?
17
Let j = -141 - -222. Let x(b) = -b. Let i be x(-3). Suppose y + i*w - 282 = -4*y, -y - w + 58 = 0. What is the highest common divisor of j and y?
27
Suppose 2*l - 6 = 0, -4*s + 3*l + 7 = -224. Let x(t) = 2*t + 73. Let b be x(-16). Suppose 50*y - 360 = b*y. What is the greatest common divisor of y and s?
20
Let j be 20 + 3 + (-11)/((-55)/(-45)). Let m = 42 + -21. What is the greatest common factor of m and j?
7
Let s(l) = -2*l - 6. Let z be s(-5). Suppose 3*c - 1 = -2*i, -12*i = -13*i - 4*c - 2. Suppose z*k = i + 26. What is the highest common divisor of 42 and k?
7
Let m(p) = 177*p**2 + 7*p + 5. Let c be m(-1). Suppose c = 9*z - 2*z. What is the highest common divisor of 1325 and z?
25
Suppose -4*z = 5*v - 1273, -5*v + 39*z = 37*z - 1261. What is the highest common divisor of 874 and v?
23
Let a = -83 + 92. Let q = 10 - 15. Let j be (2 - -7)*(q + 13). Calculate the highest common divisor of j and a.
9
Suppose 644*o - 23408 = 618*o - 6248. What is the greatest common factor of o and 15620?
220
Let c = 42 - 38. Suppose m = c - 10. Let y be (m - -10) + 36/3. What is the highest common divisor of y and 40?
8
Let v be 54/14 + 60/(-70) + 5 + 42952. Calculate the highest common divisor of v and 24.
24
Let s be (24 - (-234)/13)*59. Calculate the greatest common divisor of 462 and s.
42
Let j(h) = -48*h**3 - h**2 + h + 4. Let u be j(-1). Let c be 88/(0 - (-2)/3). Let r = -7 + c. Calculate the highest common divisor of u and r.
25
Suppose -3 - 13 = -2*h. Suppose 2091*w + 60 = 2096*w. What is the highest common divisor of w and h?
4
Let y be 6 - (126/(-4) - 2)/((-54)/(-108)). What is the highest common factor of 4 and y?
1
Suppose -36 = h - 2*h. Suppose 0 = -8*n - 8 + 32. Suppose n*p + 2*z - 725 - 147 = 0, 3*z = 12. Calculate the greatest common divisor of p and h.
36
Suppose b = -2*b. Suppose 4*w - 4*n = 120, -4*w - 4*n = -b*w - 88. Let g = 75085 + -75033. What is the highest common factor of w and g?
26
Let p = -44 + 71. Suppose p*r = 23*r + 1140. Suppose -5*j = -r - 65. What is the highest common divisor of j and 28?
14
Let h = 5689 + -5077. Calculate the greatest common divisor of h and 85.
17
Let k be (5 - -82)*((-42)/(-35))/((-6)/(-20)). Calculate the highest common factor of 2262 and k.
174
Let k(s) = -s**2 - 39*s - 92. Let h be k(-35). Let m = 117 - h. What is the greatest common factor of m and 184?
23
Let v(i) = -i**3 - 14*i**2 - 16*i - 31. Suppose -4*f - 53 + 1 = 0. Let h be v(f). Let k be (1 - -8 - 1) + 2. What is the greatest common divisor of k and h?
2
Suppose 5*n = 4*q + 8 + 6, -5*n - q = -9. Suppose -366 = -3*p + p + n*d, 0 = -p + 2*d + 182. Calculate the greatest common factor of 23 and p.
23
Let n(x) = 50*x + 3849. Let r be n(-66). Calculate the greatest common factor of r and 488.
61
Suppose 3*n - 4*b = 1129, n + 4*b - 216 = 155. Calculate the highest common factor of 120 